se 3.
-1111121111211
849079 (base 10) to base 8
3172267
Convert 71738 (base 14) to base 15.
55da3
Convert -3e22 (base 15) to base 4.
-3033323
What is -1148693 (base 10) in base 16?
-118715
What is 112311004 (base 5) in base 10?
510129
What is 4a8b1b (base 16) in base 13?
10207c5
What is 121154 (base 8) in base 11?
29270
Convert 3120221132 (base 4) to base 6.
31004142
Convert 1100110010101110 (base 2) to base 6.
1042330
-2212322201 (base 4) to base 10
-683681
Convert 1240563 (base 8) to base 15.
6c0c5
Convert 5564654 (base 9) to base 11.
1766430
Convert 6044759 (base 11) to base 8.
50627025
What is 4884514 (base 9) in base 4?
22013330122
What is -101300200 (base 4) in base 3?
-10200202221
What is -1477a4 (base 13) in base 16?
-7a9d9
-47a658 (base 12) to base 7
-12564053
66277 (base 9) to base 13
17026
158882 (base 9) to base 2
11000000001101000
Convert 214222011 (base 5) to base 7.
10621203
-11010111000110 (base 2) to base 16
-35c6
What is -342227 (base 8) in base 13?
-40977
What is -1bb86 (base 14) in base 13?
-2634b
Convert af8f65 (base 16) to base 6.
1050334125
Convert -3549135 (base 12) to base 2.
-100111010010110101111001
What is -9962b (base 16) in base 13?
-18cc73
2433001 (base 7) to base 2
1001011110111100111
-48313 (base 10) to base 16
-bcb9
What is 106465 (base 8) in base 11?
25183
Convert -16434101 (base 7) to base 5.
-402332130
What is -36350638 (base 9) in base 12?
-5b3aa22
What is 30500005 (base 9) in base 3?
1000120000000012
-3111112321 (base 5) to base 2
-11000001101110000111100
Convert -32206317 (base 8) to base 6.
-403320543
-1099631 (base 11) to base 3
-10121100100112
-42530 (base 15) to base 11
-134101
2230040 (base 6) to base 11
77804
Convert -357a47 (base 11) to base 7.
-4550606
Convert 2475a24 (base 11) to base 3.
22002100100020
Convert -1801038 (base 11) to base 14.
-599913
What is -232b6b5 (base 12) in base 6?
-401152345
What is 221322101 (base 4) in base 5?
20443130
Convert -2535032 (base 6) to base 9.
-228152
What is 109682 (base 10) in base 6?
2203442
Convert 4440514 (base 6) to base 5.
24114402
What is -11556007 (base 9) in base 7?
-65666044
What is -12d0f (base 16) in base 10?
-77071
What is 4d2bb (base 16) in base 10?
316091
1001101010100101010 (base 2) to base 7
2456236
What is -223122 (base 7) in base 10?
-39510
What is 38939 (base 13) in base 5?
11323303
What is -12145a (base 14) in base 7?
-5153343
1a2805 (base 14) to base 8
3426425
What is -32444411 (base 6) in base 15?
-1427ed
-360241 (base 10) to base 15
-71b11
What is 11085887 (base 10) in base 7?
163141241
Convert 25045a2 (base 11) to base 5.
2103320133
Convert 13a214 (base 12) to base 14.
87a92
What is 1101001000001011100011 (base 2) in base 11?
1a40617
What is 2059b7 (base 13) in base 4?
2320120222
1549b1 (base 15) to base 5
230400231
Convert 7507a (base 13) to base 12.
a2145
What is 15640 (base 12) in base 6?
352120
What is 230b6 (base 12) in base 3?
2101012010
-1161323 (base 10) to base 5
-244130243
Convert -230902 (base 15) to base 9.
-3128402
What is -12101212 (base 5) in base 15?
-235c2
Convert -24607 (base 11) to base 2.
-1000101000001011
1100010000010000 (base 2) to base 15
ed12
-94a84 (base 11) to base 10
-138395
What is 2431014 (base 6) in base 10?
128530
Convert -24023500 (base 6) to base 10.
-749916
What is 76a14 (base 14) in base 8?
1061172
What is -424014001 (base 5) in base 3?
-10100112221221
47230 (base 9) to base 2
111101100110000
Convert -15111344 (base 6) to base 9.
-875831
-2112110102 (base 3) to base 10
-49907
Convert -675825 (base 10) to base 2.
-10100100111111110001
5747267 (base 9) to base 12
105725a
What is -54938e (base 16) in base 15?
-74749d
Convert 2512702 (base 8) to base 15.
da818
Convert 10002221220 (base 3) to base 14.
1843c
Convert 102729 (base 10) to base 16.
19149
13231 (base 4) to base 5
3433
Convert 8f0c7 (base 16) to base 9.
1082660
What is -133322003 (base 5) in base 8?
-2465401
10010100101010000 (base 2) to base 13
2884a
What is -16c8bb (base 15) in base 9?
-2064535
What is -975893 (base 10) in base 16?
-ee415
-2d0d67 (base 15) to base 9
-4082227
Convert -1065666 (base 7) to base 11.
-91840
Convert -2660315 (base 9) to base 2.
-101100011101010011111
What is 52906 (base 11) in base 12?
38656
Convert -92345 (base 11) to base 14.
-371d9
Convert -12220100221 (base 3) to base 11.
-7a318
What is -6f8a2c (base 16) in base 12?
-25462b8
Convert -1111100011110101000011 (base 2) to base 7.
-46445611
What is 23321410 (base 5) in base 2?
110100001111011100
Convert 2431306 (base 7) to base 8.
1135721
8237 (base 10) to base 9
12262
What is -24096 (base 13) in base 16?
-101f1
Convert 16bdb (base 14) to base 2.
1101111110001101
Convert 331502 (base 14) to base 11.
a83681
12235300 (base 6) to base 11
249a1a
Convert -1cdd8 (base 14) to base 7.
-425661
1087368 (base 10) to base 15
1672b3
What is -120103000 (base 4) in base 10?
-99520
37537745 (base 8) to base 9
16560533
-6614551 (base 9) to base 15
-4a2a7d
22635a1 (base 11) to base 8
17062023
43172243 (base 8) to base 3
122101022200211
Convert 1011101011000000100 (base 2) to base 9.
642574
-80499b (base 15) to base 3
-102110102211102
What is 1010110010011100101 (base 2) in base 4?
1112103211
What is -1067627 (base 12) in base 15?
-41a6b1
What is 1020121122110201 (base 3) in base 16?
1109a01
Convert 87fd43 (base 16) to base 12.
2b9962b
-47025 (base 13) to base 12
-63046
-5a43a (base 11) to base 16
-15402
What is 232413302 (base 5) in base 6?
34421300
703b9 (base 14) to base 7
2202122
33d382 (base 16) to base 8
14751602
What is 232522 (base 13) in base 6?
25510544
Convert -235415232 (base 6) to base 16.
-4424e4
-c8195 (base 14) to base 6
-14205211
-3075637 (base 8) to base 9
-1476166
-1440123333 (base 5) to base 15
-50aa63
1763812 (base 13) to base 12
2669194
-3051315 (base 6) to base 13
-51a70
What is -14217d5 (base 14) in base 6?
-545122143
Convert -341477 (base 8) to base 15.
-24364
What is 49b2 (base 14) in base 11?
9764
352100122 (base 6) to base 14
c23390
What is 11165210 (base 7) in base 12?
3ab955
Convert -328317 (base 15) to base 16.
-24baa0
What is -586924 (base 11) in base 13?
-267c98
1010101001111010 (base 2) to base 8
125172
25102523 (base 6) to base 4
3003230103
What is b8376 (base 13) in base 7?
2552645
What is 112021012100 (base 3) in base 2?
1000100100011101001
What is -1010011101001110000001 (base 2) in base 5?
-1200203441
What is 509a (base 15) in base 2?
100001001111100
2037170 (base 9) to base 10
1087812
What is 1111103120 (base 4) in base 3?
122202021202
What is 1002210021212 (base 3) in base 13?
176b52
-133324033 (base 5) to base 16
-a6c0a
-1000011100001001 (base 2) to base 6
-424013
What is -14036171 (base 8) in base 15?
-4269c4
-154271 (base 9) to base 15
-1d231
-11101110010100110 (base 2) to base 11
-8374a
Convert -22a712 (base 11) to base 16.
-593f2
-397f1 (base 16) to base 9
-388042
-16792 (base 10) to base 9
-25027
Convert 1001010000100100 (base 2) to base 6.
451324
-1334432 (base 6) to base 10
-74900
-1084377 (base 9) to base 8
-2172626
764656 (base 12) to base 2
111001001100010100010
343021215 (base 6) to base 3
102212010222002
Convert -220012310131 (base 4) to base 5.
-10142414233
3200044 (base 6) to base 8
457634
1357a3 (base 11) to base 10
212589
10013131033 (base 5) to base 15
d0712d
1812717 (base 9) to base 13
295a98
12030033332 (base 4) to base 14
3036b4
1834458 (base 12) to base 15
69a36e
34721 (base 14) to base 3
20111001212
-291a471 (base 11) to base 12
-1821886
Convert 1b074b (base 15) to base 3.
2110221210222
Convert -12032403 (base 5) to base 6.
-2220403
What is -102063a (base 11) in base 14?
-34c7c8
Convert -384651 (base 9) to base 11.
-14a134
-4a1929 (base 12) to base 6
-41502053
-74b06 (base 12) to base 8
-454066
-10110001000000110001 (base 2) to base 14
-14c329
What is -4023123 (base 5) in base 3?
-10021000102
-100100100110011101 (base 2) to base 8
-444635
-15510365 (base 7) to base 16
-16dd32
What is 33006 (base 7) in base 5?
230423
10011100100111010100010 (base 2) to base 12
1875a56
4010571 (base 8) to base 3
1222111111211
Convert 2124344 (base 5) to base 11.
25241
-3781432 (base 10) to base 11
-2153056
Convert 1032112302 (base 4) to base 14.
84d6a
-22006 (base 14) to base 9
-134833
131300213 (base 4) to base 15
261b5
Convert 100110